 = 0, -f - 281 = -4*s - 39. Is (-15)/(-5) + (s - 2) a prime number?
False
Let g be 2*2*(-3)/6 - -11. Let u be -1*(g + -2)*44/(-77). Suppose 0*b - 4*q - 1875 = -b, 3726 = 2*b + u*q. Is b a prime number?
True
Let o(w) = -69149*w - 2778. Is o(-5) prime?
False
Suppose 17 - 17 = -4*m. Is (11548 - m) + (-16)/(-16) a prime number?
True
Suppose 5*b + 35 = 0, -2*v + 4*b - 747048 = -6*v. Is v prime?
False
Let y = -29 - -31. Suppose -y*z = -6*z + 8. Suppose -3*q + 9 = -0, 0 = 3*k + z*q - 6447. Is k composite?
True
Suppose 2*m + 4*j = 94144, 3*m - 141208 = -0*j - 2*j. Suppose -5*p - m - 244392 = 0. Is ((-7)/(-5) - 2) + p/(-95) a composite number?
False
Let k = 1644 - 5030. Let a = 663 - k. Is a a prime number?
True
Let j = 2203 + -1086. Let l be (-3564)/(-8) + (-1)/(-2). Let b = j - l. Is b a prime number?
False
Let m = 8435 + -1039. Let t = 20961 + m. Is t prime?
False
Let g(a) = a**3 + 29*a + 23. Let j be g(29). Let x = j - 5884. Is x composite?
True
Suppose j = 186*d - 190*d + 147719, -5*d + 15 = 0. Is j a composite number?
True
Let u(w) = -54*w**3 + 10*w**2 - 11*w - 117. Is u(-14) a composite number?
True
Suppose 16453 = 4*p - 3*g, 3*p = 2*g + 16764 - 4423. Is p composite?
True
Let t(m) = -17183*m + 2961. Is t(-4) a composite number?
False
Let w be (1639/33 - 6)*1*3. Is (w/3)/((-3)/(-495)*5) prime?
False
Suppose 3*j = -0*j + 4*a + 21, 4*a = j - 15. Let m(f) = 8*f**3 + 2*f**2 - 5*f - 11. Let t be m(-12). Is (-3)/(-9) - (j - t/(-3)) a prime number?
True
Is 5639*1 + -195 + 195 prime?
True
Let r = 41 + -36. Let x be 1*(r - 0) + (-5 - -2). Let l(y) = 596*y - 1. Is l(x) a composite number?
True
Suppose -9*w = -135 + 27. Suppose 9*c = 4866 + w. Let g = c - 49. Is g prime?
False
Let q = 18715 + 11494. Is q a prime number?
False
Let g(d) = 1455*d**2 + 17*d - 439. Is g(11) a composite number?
True
Suppose -15*f = 18931190 - 5197865. Is f/(-60) - ((-26)/(-8) - 3) prime?
True
Suppose -8375 = -6*h + h. Suppose -4*p = p - h. Suppose 0 = 4*m - p - 509. Is m composite?
False
Let u(d) = -1256*d**3 - 57*d**2 - 11*d + 13. Is u(-4) a prime number?
False
Let q(u) = 8748*u - 1843. Is q(2) a composite number?
True
Let u = -208082 - -631684. Is u a prime number?
False
Let u(x) = -1051*x**2 + x + 21. Let i(p) = 526*p**2 - 11. Let b(f) = -7*i(f) - 4*u(f). Is b(-3) a prime number?
True
Suppose f = 4*x - 334997, 4*x - 3*f + 8*f = 334967. Suppose -5*s + x = 7*s. Is s a composite number?
True
Let p = -1 - 15. Let h = p + 14. Let i(r) = 109*r**2 + 5*r + 5. Is i(h) composite?
False
Suppose -j = 4*h - 1040371, -577*j + h - 1040362 = -578*j. Is j a prime number?
False
Let j be (125/50)/((-10)/4). Suppose -2*s - 8 = 2*k - 52, -2*s + 92 = 4*k. Let f = k + j. Is f prime?
True
Let j(i) = 2*i**3 + 53*i**2 - 19*i + 269. Is j(-23) composite?
False
Suppose 0*r + 4*w = 4*r - 24, 0 = -3*w + 12. Suppose -u - 3*d = -9 - 5, u = -2*d + r. Suppose f = u*f - 509. Is f composite?
False
Let w be 3*8/12 - 15*1. Let u(b) = 15*b**2 + 13*b - 5. Is u(w) a composite number?
True
Let x(l) = -l**3 - 13*l**2 - 39*l + 199. Is x(-42) composite?
True
Is (-5 - 1353/(-264)) + (8901075/8)/5 prime?
True
Suppose 41 = 3*z + 26. Suppose 2*g - 4*d = -6, -z*d + 5 = 3*g - 19. Suppose -j - 1018 = -5*x - 0*j, -4*x + 803 = g*j. Is x composite?
True
Let w(t) = t**3 - 4*t**2 + 6*t - 23. Let a be w(3). Is (-6954)/4*a/21 + 4 composite?
False
Let b(q) = -4*q**3 - 5*q**2 - 29*q - 51. Let g(i) = -9*i**3 - 9*i**2 - 57*i - 102. Let d(x) = 7*b(x) - 3*g(x). Let n be d(-21). Let w = -3925 + n. Is w prime?
False
Suppose -w = -3*g + 437404, 4*w = 15 - 43. Is g prime?
True
Let p(x) = 96*x**2 + 16*x - 65. Let r = -783 + 789. Is p(r) a composite number?
True
Suppose 1514734 = 174*d - 5797710 - 8561402. Is d prime?
True
Is (-90999384)/(-136) - ((-696)/(-136) - 5) a prime number?
True
Let f be 6 + 455385/(-7 - -14). Is (-8)/20 - f/(-15) a composite number?
False
Let h = -201758 - -429247. Is h composite?
False
Let c(z) = z**3 + 3*z**2 + 2*z - 7. Let k(i) = -6*i**3 - 12*i**2 - 8*i + 30. Let l(b) = 9*c(b) + 2*k(b). Is l(-13) a prime number?
True
Let a(s) = s**3 + 6*s**2 + s + 2. Let x be a(-6). Let k(q) = 14*q**2 + 3*q + 5. Let z be k(x). Is (z/(-28))/((-2)/8) a prime number?
True
Let f = -39327 + 161048. Is f a prime number?
True
Suppose 130*s - 133*s + 312459 = -4*x, 3*s - 312471 = 2*x. Is s a prime number?
True
Suppose -4*q + 27 = q + 4*c, 0 = -3*c + 9. Suppose -4*o + o + 9 = 0. Suppose -o*f = 9, -4*u + q*u + 435 = 4*f. Is u a prime number?
False
Let a = -89091 - -215068. Is a composite?
True
Suppose -2*d - 54907 = -r, -10*d + 219600 = 4*r - 14*d. Is r composite?
True
Let t be ((-17)/(595/9156))/(3/(-10)). Suppose 0 = -5*k - 3*x + 3304 - t, -2436 = -5*k + x. Is k composite?
False
Let h = 4279 - -1125. Suppose 0 = 3*f + 3*v - 4053, -10*v = -4*f - 9*v + h. Is f a prime number?
False
Is (-62175925)/(-1413) + 4/18 composite?
True
Let a(u) = 19*u - u**2 + 8*u - 16 + u - u. Let b be a(17). Suppose 2*j = -3*r + b - 1, j - r = 64. Is j composite?
True
Let p(w) = -36*w - 36. Let k(m) = -4*m - 4. Let f(v) = 28*k(v) - 3*p(v). Let d be f(-1). Is (d/(-6))/4 + 5638/2 prime?
True
Suppose 3*t + 4*y - 285743 = 6*y, 0 = -t - 2*y + 95253. Suppose s = 8*s - t. Is s prime?
False
Let y(g) = g**3 + 10*g**2 - 7*g + 30. Let c be y(-11). Let f(k) = k**3 - 6*k**2 - 28*k + 6. Let v be f(c). Let b = -2333 - v. Is b a prime number?
False
Let l(r) = -r**3 - 10*r**2 - 16*r + 11. Let p be l(-8). Let a = p - 20. Is 6/a + (-3)/(-9)*1841 prime?
True
Suppose 7*v = -6*v + 39. Is 974 - -6*v/(-6) a prime number?
True
Let y = 14519 + -8349. Is (-15)/(-30) + y/(-4)*-1 prime?
True
Let k = -6 - -8. Let g be (0 + k/(-4))*0. Suppose t = 1, 5*j + g*t = t + 3534. Is j composite?
True
Suppose 2*s + 2 = -s - 2*o, -4*s + 3*o = -3. Suppose -h + 3*l = -2*h + 32765, s = 3*h - 2*l - 98295. Is h prime?
False
Let m(r) = 9 + 96*r**2 + 3 - 7*r - 95*r**2. Let t be m(4). Suppose -f + 122 + 72 = t. Is f composite?
True
Let h(n) = -n**2 + 23*n + 98. Let o be h(27). Is (-38478)/o + (-68)/85 a composite number?
False
Let h(g) = 46964*g**2 + 203*g + 45. Is h(4) prime?
True
Let g(m) = -38*m**2 - 35*m - 8. Let x be g(-6). Let a = x - -7377. Is a a composite number?
False
Let w = -703 + 705. Suppose w*k - 3*k - 5*p = -2551, 2*k = 3*p + 5128. Is k composite?
True
Suppose -6*h + 0*h = -9714. Let i(l) = -250*l + 5. Let n be i(-3). Suppose 5*m - p = h, -4*m + n + 541 = -p. Is m a prime number?
False
Let p(g) = 12 + 2*g + 2*g - 10*g. Let q be p(-5). Let n = q + -20. Is n prime?
False
Let l = 14408 - 8061. Is l a composite number?
True
Let d(z) = z**3 + z**2 - 7*z - 8. Let g be d(-2). Suppose -4*i - 7912 = -5*t + t, g*i - 3936 = -2*t. Is t composite?
False
Let y be (40/(-45))/((-28)/252). Let c(v) be the first derivative of 27*v**2/2 + 7*v + 1. Is c(y) prime?
True
Let j = -849273 + 1370071. Is j a composite number?
True
Suppose 10*c - 17*c + 14 = 0. Suppose 2*x - c*r - 2149 = x, 5*x - 2*r - 10761 = 0. Is x a composite number?
False
Suppose -158*k + 91*k + 256811 = 0. Is k composite?
False
Is (-3 - (-23)/(-5))/((-50)/211625) composite?
True
Let z(h) = 46*h**3 - h**2 + 3*h + 1. Let b be z(2). Suppose 2098 = -369*j + b*j. Is j a composite number?
False
Let g(w) be the third derivative of -41*w**6/120 + w**4/8 - w**3/6 + 4*w**2 - 1. Is g(-4) composite?
True
Let l = 188119 + 512528. Is l a prime number?
False
Suppose 0*t - 12 = -4*t. Suppose 3*o + 4*f = 0, -o = -t*f - 8 - 5. Is (o/6)/((-20)/(-12030)) prime?
True
Let j be (-1)/((-1)/19*(-10)/(-210)). Suppose j = -c + 1534. Is c a composite number?
True
Let f(q) = -q**2 - 1. Let k be f(-3). Is (-15174)/(-4)*1 + 5/k a prime number?
True
Suppose 30*t + 1485475 - 9351359 = 4773206. Is t prime?
True
Suppose 41234 - 199674 = -17*t. Suppose t = 188*c - 180*c. Is c composite?
True
Let f(l) = l**2 + 8*l - 59. Let a be f(5). Suppose 10*o = a*o + 1012. Is o a prime number?
False
Is -4*13/(260/(-169045)) a composite number?
False
Let r = 10830 - 7404. Let u = -15988 + 16020. Suppose 26*p + r = u*p. Is p a prime number?
True
Suppose 4*a - 483 - 277 = 0. Let y = a - -186. Let c = y - 85. Is c a composite number?
True
Suppose -9*z + 109 - 19 = 0. Is ((-2)/z)/(1/(-10135)) prime?
True
Suppose 96*f - 371 = 89*f. Suppose 89 + 119 = 4*m. Suppose m*t = f*t - 157. Is t prime?
True
Let u = -